Convert -66ac (base 14) to base 11.
-12405
What is -11000111010101 (base 2) in base 16?
-31d5
-38399 (base 10) to base 4
-21113333
2b5 (base 13) to base 7
1263
Convert -3ba (base 12) to base 16.
-23e
Convert 592 (base 13) to base 16.
3c4
What is 1b0 (base 12) in base 5?
2101
Convert -10100101 (base 2) to base 6.
-433
What is -21012 (base 3) in base 10?
-194
What is -4dc (base 14) in base 11?
-80a
Convert -157 (base 14) to base 16.
-111
-204 (base 6) to base 12
-64
122210120 (base 3) to base 16
32af
Convert 1001111 (base 2) to base 6.
211
-7291 (base 12) to base 2
-11000011001101
-69338 (base 10) to base 11
-48105
-1821 (base 9) to base 13
-835
Convert 210223 (base 4) to base 6.
14511
-120120 (base 3) to base 12
-2b0
3051 (base 7) to base 9
1413
What is 401 (base 8) in base 10?
257
Convert 3481 (base 9) to base 12.
15b4
Convert -33637 (base 9) to base 10.
-22390
What is -2b52 (base 14) in base 16?
-1e24
Convert 1845 (base 12) to base 5.
43213
3d (base 16) to base 4
331
Convert 2012 (base 5) to base 16.
101
22120 (base 5) to base 6
11035
2131202 (base 4) to base 3
111211102
-10604 (base 9) to base 16
-1b8b
Convert 226 (base 11) to base 5.
2040
204 (base 9) to base 8
246
756 (base 14) to base 12
a08
417 (base 11) to base 10
502
What is -6111 (base 8) in base 9?
-4274
8918 (base 11) to base 13
5474
9a6 (base 14) to base 11
1487
Convert -2525 (base 7) to base 4.
-32312
Convert -10431 (base 6) to base 14.
-763
What is 302 (base 5) in base 15?
52
What is -111030 (base 5) in base 7?
-14225
Convert 646 (base 10) to base 15.
2d1
Convert -26518 (base 11) to base 15.
-b362
Convert -102421 (base 5) to base 11.
-268a
What is -11100110001011 (base 2) in base 4?
-3212023
3152 (base 6) to base 4
23030
What is 4282 (base 10) in base 6?
31454
What is -2ba54 (base 12) in base 7?
-345466
What is 9741 (base 12) in base 2?
100000011100001
-131114 (base 5) to base 4
-1100213
75683 (base 9) to base 11
34736
7397 (base 10) to base 13
34a0
Convert 43034 (base 10) to base 3.
2012000212
What is 1421 (base 8) in base 11?
654
-231 (base 16) to base 9
-683
1000011010 (base 2) to base 13
325
Convert -1485 (base 9) to base 6.
-5122
What is -11311030 (base 4) in base 10?
-23884
3832 (base 10) to base 12
2274
What is 14423 (base 7) in base 14?
164a
11101111101 (base 2) to base 14
9ad
What is -685b (base 14) in base 7?
-103544
-560 (base 9) to base 6
-2043
What is 1146 (base 11) in base 6?
10542
What is -53701 (base 8) in base 9?
-33731
-5616 (base 7) to base 11
-1579
Convert ba18 (base 12) to base 4.
10333310
2323 (base 4) to base 2
10111011
-4b71 (base 15) to base 6
-202241
Convert 499 (base 13) to base 10.
802
1033 (base 6) to base 7
456
What is -155a7 (base 12) in base 14?
-b02b
Convert 2d6 (base 14) to base 3.
210111
-22101 (base 5) to base 12
-a72
Convert -9b74 (base 14) to base 2.
-110100101001010
Convert -1222111 (base 3) to base 8.
-2644
What is -10200202 (base 3) in base 12?
-1685
1004 (base 7) to base 4
11123
Convert -525 (base 11) to base 15.
-2c2
-1001243 (base 6) to base 7
-253641
What is 11011100010111 (base 2) in base 11?
a661
What is -392 (base 10) in base 11?
-327
101431 (base 5) to base 13
16bc
Convert 1021222 (base 4) to base 7.
16513
Convert 965 (base 10) to base 15.
445
What is 12403 (base 6) in base 3?
2120110
What is 471 (base 14) in base 13?
52c
627 (base 10) to base 2
1001110011
What is 3a8 (base 14) in base 13?
448
What is -404 (base 8) in base 4?
-10010
Convert -ab0 (base 13) to base 10.
-1833
Convert -1001001100101 (base 2) to base 11.
-35a1
-4607 (base 12) to base 10
-7783
-100 (base 4) to base 10
-16
Convert 4b70 (base 15) to base 14.
5c08
122341 (base 5) to base 9
6425
Convert -112200100 (base 3) to base 7.
-43125
What is 777 (base 8) in base 9?
627
What is 6d (base 15) in base 11?
94
Convert 3538 (base 9) to base 8.
5103
What is -5523 (base 8) in base 9?
-3871
Convert 1211220101 (base 3) to base 15.
aba4
What is -10b6 (base 14) in base 13?
-1425
Convert -12221110 (base 3) to base 16.
-10ec
11100101111101 (base 2) to base 8
34575
-1543 (base 13) to base 10
-3097
102023 (base 4) to base 14
5d1
-2f19 (base 16) to base 2
-10111100011001
What is -111010011 (base 2) in base 6?
-2055
What is -59a1 (base 11) in base 10?
-7855
3201 (base 9) to base 3
10020001
-10f (base 16) to base 12
-1a7
-922 (base 10) to base 15
-417
1043 (base 6) to base 4
3303
1809 (base 13) to base 15
10c3
What is -2920 (base 12) in base 13?
-2235
Convert -22312 (base 5) to base 12.
-aba
What is -121110 (base 3) in base 6?
-2020
-32122 (base 5) to base 15
-992
-513251 (base 6) to base 8
-117737
What is 2528 (base 11) in base 10?
3297
What is 10223 (base 4) in base 16?
12b
27500 (base 10) to base 12
13ab8
-1110110 (base 2) to base 14
-86
What is 1211012 (base 3) in base 16?
530
532 (base 16) to base 12
92a
Convert -313 (base 8) to base 14.
-107
What is 142022 (base 5) in base 9?
8061
-3676 (base 12) to base 7
-23616
-2112212 (base 3) to base 12
-10ab
10a0 (base 16) to base 13
1c25
Convert 12357 (base 8) to base 9.
7314
What is -361256 (base 7) in base 15?
-1453e
What is -12a (base 12) in base 2?
-10110010
Convert -4626 (base 12) to base 13.
-3726
15d (base 16) to base 9
427
Convert -360 (base 10) to base 7.
-1023
What is 12121 (base 6) in base 9?
2384
1110111011111 (base 2) to base 13
3633
What is -133013 (base 6) in base 13?
-57ba
Convert -6446 (base 8) to base 7.
-12546
-102023020 (base 4) to base 10
-74440
Convert -8a25 (base 11) to base 7.
-46436
What is 12132 (base 7) in base 3?
11100000
Convert -300310 (base 4) to base 10.
-3124
Convert 4033 (base 5) to base 11.
431
-14417 (base 10) to base 5
-430132
What is -20100010 (base 3) in base 2?
-1001000001100
What is 11001111100 (base 2) in base 9?
2244
What is 2320 (base 6) in base 14?
2b6
1577 (base 15) to base 3
20022211
25178 (base 9) to base 8
41027
4193 (base 13) to base 8
21565
What is 174d (base 16) in base 8?
13515
Convert -6447 (base 9) to base 7.
-16552
438 (base 16) to base 15
4c0
What is -16 (base 16) in base 8?
-26
Convert 1582 (base 11) to base 4.
133222
Convert 200202 (base 3) to base 8.
772
38189 (base 10) to base 3
1221101102
What is -231422 (base 5) in base 2?
-10000010101010
101202012 (base 3) to base 12
464b
What is 6b4 (base 13) in base 15?
526
Convert 32 (base 9) to base 3.
1002
What is 27a9 (base 11) in base 8?
7054
Convert 332c (base 14) to base 13.
4057
Convert b17 (base 12) to base 2.
11001000011
What is -6383 (base 13) in base 4?
-3113210
Convert -1011312 (base 4) to base 3.
-20010120
Convert 42233 (base 7) to base 8.
24254
What is 24345 (base 6) in base 8?
7011
Convert -100131 (base 4) to base 3.
-1110000
What is 201033 (base 5) in base 11?
4892
12310320 (base 4) to base 13
c95a
Convert 4858 (base 10) to base 8.
11372
What is -254521 (base 7) in base 10?
-47251
1767 (base 10) to base 15
7cc
-11011001011101 (base 2) to base 12
-8079
What is 1122 (base 10) in base 13?
684
Convert -11420 (base 5) to base 10.
-860
1100 (base 7) to base 16
188
What is 64142 (base 8) in base 3?
1100122201
-1223121 (base 4) to base 8
-15331
What is -2077 (base 16) in base 12?
-4987
What is 78 (base 16) in base 13?
93
What is 7ab1 (base 12) in base 13?
62b6
Convert -10a (base 14) to base 6.
-542
Convert -27073 (base 9) to base 16.
-4773
Convert 10010111111111 (base 2) to base 6.
113011
What is -3e8 (base 15) in base 9?
-1202
14226 (base 8) to base 10
6294
Convert -2197 (base 16) to base 4.
-2012113
Convert 4555 (base 9) to base 16.
d2b
12502 (base 14) to base 11
307a6
What is 30a (base 13) in base 9?
634
What is 2311 (base 5) in base 11?
281
What is -5230 (base 6) in base 11?
-974
444403 (base 5) to base 10
15603
5036 (base 8) to base 7
10360
Convert 10021111 (base 4) to base 8.
41125
2311 (base 5) to base 9
407
Convert 447 (base 8) to base 9.
357
What is 38a (base 12) in base 11?
44a
What is 5c2 (base 15) in base 8?
2433
What is 1312401 (base 5) in base 15?
7a6b
What is -51400 (base 11) in base 9?
-123815
-31301 (base 10) to base 7
-160154
Convert -1545 (base 7) to base 16.
-26d
-1425 (base 6) to base 16
-179
Convert -214744 (base 8) to base 13.
-26b01
6892 (base 10) to base 14
2724
Convert -819 (base 13) to base 15.
-619
What is -13351 (base 13) in base 4?
-20232031
-1372 (base 8) to base 5
-11022
Convert -597 (base 12) to b